re the prime factors of 5/(-15) + 98/6?
2
List the prime factors of (-2)/(-3) + 21/9.
3
Suppose 0*j - 16 = -j. Suppose -4*t + 2*b = 0, -2*t - 3*b + j = -0*t. Suppose 0 = m - 5*r - t, -4*m - 2 = -5*m + 3*r. What are the prime factors of m?
2
Let s(m) = 55*m**2 + m. What are the prime factors of s(-1)?
2, 3
Let x be 3 + 0 - 2 - -113. Suppose -x = 4*s + 2*b, -2*s - s - 4*b = 98. Let r = s - -38. List the prime factors of r.
2, 3
List the prime factors of 822/14 + 26/91.
59
Suppose 4 = -4*u + 12. Suppose u*p = 11 + 11. List the prime factors of p.
11
Let l = 18 - 24. What are the prime factors of (-21)/l*12/14?
3
Let f be 2/(-9) + 1540/45. Let k be f/10 + (-6)/15. Let m(g) = g**3 - 4*g**2 + 5*g - 2. What are the prime factors of m(k)?
2
Let z be (6/15)/(2/10). Let f be (z - 2)*(-3)/3. Suppose s - 7 = 4*t - 3*t, f = 2*s - 3*t - 9. List the prime factors of s.
2, 3
Let p(a) = 2*a**2 + 8*a - 6. List the prime factors of p(-7).
2, 3
Let x(y) = 3*y**2 + y - 1. Suppose 234 = -4*n - 2*u + 16, -2*n + u - 115 = 0. Let h be n/(-26) - (-2)/(-13). List the prime factors of x(h).
13
Suppose -4*y - 1 = -5*v, -2*v - 3*y = -4 + 22. List the prime factors of (6 - 22)*v/4.
2, 3
Let z(o) = 3*o + 24. What are the prime factors of z(9)?
3, 17
Let l(c) = 2*c - 15. Let s be l(10). Suppose s*t - 148 = -58. List the prime factors of t.
2, 3
Suppose 20 = -5*o - 0*o. List the prime factors of (6/o)/(9/(-12)).
2
Suppose 4*m = 2*m - w + 108, -3*m + 171 = -3*w. Let i(h) = -h**3 - 3*h**2 - 2*h - 3. Let c be i(-3). Suppose c = -4*a + m. What are the prime factors of a?
13
Let n = -11 + 8. Let o be ((-1)/n)/((-2)/(-12)). Suppose -u = o*u - 42. List the prime factors of u.
2, 7
Suppose 3*c + 1 = 7, -3*d + 97 = 5*c. List the prime factors of d.
29
Suppose 65 = -2*l - o, 0 = 3*l + 4*o + o + 108. Let i = l + 45. List the prime factors of i.
2, 7
Let a = 75 + 21. What are the prime factors of a?
2, 3
Let u(z) = -2*z**3 - 3*z**2. Let h be u(-2). Suppose 0*o = -h*o + 68. What are the prime factors of o?
17
Suppose 3*v + 48 = -4*z, -2*v + 8 = -0. List the prime factors of z/(-10) + 39/2.
3, 7
Let i = 9 + 13. What are the prime factors of i?
2, 11
Suppose 0 = 3*m - 33 + 120. What are the prime factors of 2 + -1 + (-7 - m)?
23
Suppose -46 = -4*z + 6. List the prime factors of z.
13
What are the prime factors of (-23)/(-2) - (-3)/(-6)?
11
Suppose 0 = -3*v - s + 23, -4*s + 4 + 11 = v. Let g = 2 + -1. Let z = v + g. List the prime factors of z.
2
Let x = -41 - -104. List the prime factors of x.
3, 7
Suppose 4*f + 278 = 4*p - 678, -5*p - f + 1195 = 0. List the prime factors of p.
239
Suppose -6*v + 4*v = 4. What are the prime factors of (4*-7 + 0)/v?
2, 7
Let q = 11 - 5. Let d = q + -1. What are the prime factors of d?
5
Let k(i) = -2*i - 4. Let n be k(-2). Suppose 2*b - 36 = -n*b. What are the prime factors of b?
2, 3
Let c(q) = -q - 6. Let z be c(-8). Suppose -2*o + o = -z. What are the prime factors of o?
2
Suppose -56 = -3*p - 14. Let b = -4 + p. List the prime factors of b.
2, 5
Let s = -14 - -13. List the prime factors of s*(-39 + -3)/2.
3, 7
Let o(i) be the third derivative of i**6/120 - i**5/15 - i**4/8 - i**3/3 - i**2. Let b = -10 + 15. List the prime factors of o(b).
2
Let r = 191 + -59. What are the prime factors of r?
2, 3, 11
Let f be 0/(9/(-3)) + -32. Let d = 50 + f. List the prime factors of d.
2, 3
Suppose -2*b + 4 = 0, n + 4*b - 69 + 13 = 0. What are the prime factors of n?
2, 3
Let p(u) = 5*u**2 - 7*u - 11. List the prime factors of p(5).
79
Let g = 13 + -7. Suppose -g = -5*r - v, -3 = -r - 3*v + 1. List the prime factors of 264/16 - r/(-2).
17
Let f(s) = s**3 + 3*s**2 + 2. Let n be f(-3). Suppose 0 = -n*h - h + 15. List the prime factors of h*(-1 + (1 - -1)).
5
Let i(o) = -50*o**3 - o - 1. Let r be i(-1). Let a = r - 29. What are the prime factors of a?
3, 7
Suppose 5*i = 2*y + 3*y + 80, 68 = 4*i - 5*y. Suppose -g = -i - 5. What are the prime factors of g?
17
Let n be (-4)/18 + (-38)/(-9). Suppose 0 = -5*z + 4*q + 47, -z - n*z + 3*q = -49. What are the prime factors of z?
11
Let z(f) = f**2 - 4*f - 2. Suppose 4*o = -i + 10, 2*i - 5*i + 2*o + 16 = 0. What are the prime factors of z(i)?
2, 5
Let t(w) = -11*w + 8. List the prime factors of t(-6).
2, 37
Let h(g) = g**3 + 7*g**2 - g. Let t = -29 + 23. What are the prime factors of h(t)?
2, 3, 7
Let b be (1 - 3)*(-2 + 1). Suppose b = -5*s + 6*s. What are the prime factors of s*-2*(-3)/6?
2
Let s = -5 - -9. Suppose b = 2*v - 16, -5*b + 60 = -0*v + s*v. List the prime factors of v.
2, 5
Let m(z) = z**2 - 5*z + 3. Let i be m(5). Suppose i*s - 30 = -2*s. Let y = s + 2. List the prime factors of y.
2
List the prime factors of 9/(4 + (-562)/142).
3, 71
Let h = -5 + 8. Let g(k) = 3*k - 2. List the prime factors of g(h).
7
Suppose m = 4*p - 131, -3*p = -p + 2*m - 68. Suppose 3*i - 12 = p. What are the prime factors of i?
3, 5
Suppose -q - 3*o + 36 = 2*o, 4*q + o - 49 = 0. List the prime factors of q.
11
Let l(s) = -s**3 - 5*s**2 - 3*s - 2. Suppose -5*c - 3 = 17. Let b be l(c). Let u(x) = x**3 + 7*x**2 + 7*x + 9. What are the prime factors of u(b)?
3
Suppose -63 = -3*d - 3*z, -3*d - 4*z = -d - 32. Let v be ((-30)/9)/(4/(-6)). Suppose v*t = h + h + d, 5*h = 10. List the prime factors of t.
2, 3
List the prime factors of -1*(-25)/(-10) - (-1034)/4.
2
Suppose 4*y = 3*y. Suppose 32 = 4*f - 2*u - 94, y = -3*f - u + 102. What are the prime factors of f?
3, 11
What are the prime factors of 2 + -7 - (-14 - -5)?
2
Let x(l) = l - l - 8*l - 4 - l**2. List the prime factors of x(-6).
2
Let q = 6 + -4. Suppose 0 = q*r + 2 - 26. List the prime factors of r.
2, 3
Suppose 10*d - 40 = 5*d. Let v = d + -13. Let p = 7 + v. What are the prime factors of p?
2
Let l(r) = r**3 + 6*r**2 + 5*r + 3. Let c be (6 - (-2 - -2))/(-2). What are the prime factors of l(c)?
3, 5
Suppose 46 = -f - f. Let z = f + 34. What are the prime factors of z?
11
Let p(u) be the first derivative of u**3/3 + 3*u**2 + 10*u - 1. What are the prime factors of p(-7)?
17
Let s be ((-2)/8)/(1/(-12)). Let u(r) = 2*r**3 - 3*r**2 + 2*r - 4. Let y be u(s). Suppose -w + 49 = 3*h, h + 4*w + 9 = y. What are the prime factors of h?
2
Let w be ((-2)/1)/((-2)/3). Suppose w*i = -5*j + 17, j + 0*j = 1. What are the prime factors of i?
2
Suppose -3*z - 3*a - 6 = 0, 3*z + 18 = -5*a + 2. List the prime factors of z.
3
Let p(k) = 6. Let m(y) = -y - 7. Let n(o) = -2*m(o) - 3*p(o). What are the prime factors of n(5)?
2, 3
Let k(d) = -d**2 + 43*d + 8. What are the prime factors of k(7)?
2, 5, 13
What are the prime factors of -1 + 1 + 0 + 76?
2, 19
Suppose 5*f + 20 = -4*v + 2*f, 44 = -3*v + 5*f. Let u = 11 + v. List the prime factors of u.
3
Let i(t) = t + 1. What are the prime factors of i(6)?
7
Let f be 4 - (12/(-3))/4. Suppose 2*n - 46 + 0 = f*x, 5*n - 94 = 2*x. List the prime factors of n.
2, 3
Suppose d = 31 + 4. Let r = d - 9. What are the prime factors of r?
2, 13
Suppose 0 = -d + 16 - 3. List the prime factors of d.
13
Suppose -5*k = -4 - 21. Let b = 12 - k. List the prime factors of b.
7
Let n(a) = -a**3 + 9*a**2 + 7*a - 10. List the prime factors of n(9).
53
What are the prime factors of 1/(-4) + 6325/20?
2, 79
Let t be 1 + 4 + 1/(-1). Let y = t - 1. List the prime factors of (-2 + y)/1 + 11.
2, 3
Let b = 4 + 2. Let n = 0 + b. List the prime factors of n.
2, 3
Let t(s) = s - 1. Suppose 2*j + 1 = 3*x, -j = 2*x - 0*j + 4. Let v(w) = 7*w - 16. Let y(p) = x*v(p) + 6*t(p). List the prime factors of y(0).
2, 5
Let f = -77 + 153. What are the prime factors of f?
2, 19
Let f(k) = k**2 + 5*k + 6. Let z(o) = o**2 + 5*o + 7. Let n(r) = 5*f(r) - 4*z(r). List the prime factors of n(-5).
2
Suppose -84 = -d + 5*d. Let p = d + -6. Let r = p + 38. List the prime factors of r.
11
List the prime factors of ((-24)/(-42))/((-6)/(-1113)).
2, 53
Suppose -3*o + 27 = -0*o. Suppose 6*m + 2*g = 3*m + 59, 4*m - 5*g - 94 = 0. Let f = m - o. What are the prime factors of f?
2, 3
Suppose -4*j + n + 0*n = 15, -2*n = -2*j. Let h = 3 + j. What are the prime factors of 1/1 - (0 + h)?
3
What are the prime factors of (34/4)/(10/20)?
17
Suppose 0 = -3*l + 4*j + 104, -5*l + 3*j = -l - 148. List the prime factors of l.
2, 5
Suppose 6 = 3*x - 0. What are the prime factors of x?
2
Let v(u) be the second derivative of -u**5/20 - u**4/3 + u*